is the thousands digit of u?
1
Suppose -56*v = -34*v - 10252. What is the tens digit of v?
6
Let x(t) be the second derivative of t**4/12 - 5*t**3/6 - 5*t**2 + 10*t. Let b be x(5). What is the units digit of (-18)/(-45) - 66/b?
7
Suppose 0 = -l - 5*f + 1673, -2*l + 5*f + 2762 = -509. What is the tens digit of l?
4
Let g(p) = -p**3 - 2*p**2 - 6*p - 16. What is the units digit of g(-7)?
1
Let c(k) = k**3 + k**2 - 5*k - 5. Let b be c(8). What is the tens digit of b/13 + (-24)/(-156)?
4
Let h(w) = -w + 10. Let c be h(5). Suppose c*k + 6*a = a + 30, -2*a = -5*k + 9. Suppose -k*l = -5*l + 134. What is the units digit of l?
7
Let d be ((-1)/2)/((-5)/10). Let p be (-1)/((d/1)/16). Let q = 40 + p. What is the tens digit of q?
2
Suppose -3*u + 1620 = -5*v, 4*u + 128 - 2317 = -3*v. Suppose 3*l - 31 - u = 0. Suppose 0 = 4*s + 40 - l. What is the tens digit of s?
3
Let u(j) = 156*j**2 + 7*j - 7. What is the hundreds digit of u(-3)?
3
Suppose 4*a + 2*u + 43 = -3*u, -3*a + 5*u - 76 = 0. Let i = a + 15. What is the units digit of 23/((-4)/i + -1)?
3
What is the tens digit of 2298/7 - -1*12/(-42)?
2
Let w = -26 + 30. What is the units digit of (-9)/(-36) + 527/w?
2
Let r(x) = 2*x + 1. Let i be r(1). Let w(q) = q**2 - 5*q + 7. Let s be w(i). What is the tens digit of 4384/72 + s/9?
6
Let v = 386 - 254. What is the hundreds digit of v?
1
Suppose -4*w = 0, -3*c = 46*w - 49*w - 15261. What is the units digit of c?
7
Let x(h) = h + 6. Let y be x(4). Let j(i) = i**2 - 11*i + 15. Let t be j(y). Suppose -5*r = -2*m + 114, t*m + r - 306 = 3*r. What is the units digit of m?
2
Suppose -4*c = 2*f - 1756, -5*f + 3*c - 644 + 5047 = 0. Suppose 9*k + 2*k = f. What is the tens digit of k?
8
Let s = -13 - -22. Suppose -3*u = -3*r + s, -5*r = -3*r + u - 6. Suppose -63 = -r*c + 4*m - m, -4*m + 8 = 0. What is the units digit of c?
3
Suppose -5*i = 2*r - 44 - 21, 5*r - 113 = 4*i. Let n = r + -17. What is the units digit of n?
8
Let g(j) = j**2 + 19*j - 65. What is the tens digit of g(19)?
5
Let f = 7 + 3. Suppose -2*b + 41 = -15. Let m = b - f. What is the units digit of m?
8
Let m(o) = 3*o**3 - 5*o**2 - 2*o + 4. Suppose 3*p - 6*p + 3 = -3*f, 3*f = 4*p - 5. What is the units digit of m(p)?
4
Let m = -727 - -1370. What is the hundreds digit of m?
6
Suppose 24 - 16 = 4*l. What is the tens digit of (-465)/6*(l - 4)?
5
Suppose 6 + 9 = 3*k. Suppose 5*b - k*h + 5 = 0, -2*b - 4*h + 4 = -6. What is the units digit of b?
1
Suppose 5*b - 526 = -3*m, 5*m = 6*m + 3*b - 178. Let i = -45 + m. What is the units digit of i?
7
Let c be 3 - -1*(4 + -3). What is the tens digit of (c - 140/21)*(-183)/4?
2
Suppose -9*y = -4*y - 420. Suppose 5*g - 71 - y = 0. What is the tens digit of g?
3
Let y(g) = -6*g**2 - 4*g + 14. Let i(w) = w**2 + w. Let q(f) = -5*i(f) - y(f). Let j = 12 - 19. What is the units digit of q(j)?
2
Suppose -7*g = -2*g - 3*a - 4203, 2*a - 8 = 0. What is the tens digit of g?
4
Let v = -296 + 498. Suppose -6*o + v = 46. Let i = -5 + o. What is the tens digit of i?
2
Let b(i) = -2*i + 22. Let t be b(9). Let v be -45 + 1 - (t + -3). What is the units digit of (324/v)/((-3)/20)?
8
Let m = 2176 + -358. What is the units digit of m?
8
Let r be (13/(-13))/(1/(-25)). Let b = r + -27. Let t(q) = -5*q**3 - 2*q**2 - 2*q - 2. What is the units digit of t(b)?
4
Let y(p) = p**3 + p**2 + p. Let z(x) = x**2 - 1. Suppose -4*j + 14 = u, 2*u - 4*j = -6*j + 4. Let w be z(u). What is the units digit of y(w)?
9
Let c = 16 - 14. Suppose -c*v - 63 = -129. What is the tens digit of v?
3
Let b = 1225 - -2652. What is the thousands digit of b?
3
Suppose -6*w = -w + 10. What is the tens digit of 99 - 6/(-4)*w?
9
Let s = -36 - -45. Suppose -2*p - s + 347 = 0. What is the tens digit of p?
6
Let g(j) = j**2 + 3*j + 2. Let o be g(-3). Suppose u + 5*k - 73 = o*k, -5*u + 327 = -4*k. What is the tens digit of u?
6
What is the tens digit of 51882/16 - (-6 - (-585)/104)?
4
Let n be (0 - 7)/((-2)/(-4)). Let p = -4 - -20. Let s = n + p. What is the units digit of s?
2
Suppose -3*h + 2*m = -2700, 2*m + 206 = h - 698. What is the tens digit of h?
9
Let j be (6 - 12)/(1/(-3)). Let l be (j/30)/((-2)/10). What is the tens digit of 4 - (10 + l) - -22?
1
Let f be 26 + (-4)/3*3. Suppose f*q = 26*q - 228. What is the tens digit of q?
5
Let w(k) = 1. Let h(j) = -j**3 - 8*j**2 + 13. Let y(s) = h(s) + 6*w(s). What is the units digit of y(-9)?
0
Let s = -335 - -1028. What is the tens digit of s?
9
Suppose -v - 2*j = 234, -2*v + 5*j - 199 = 287. What is the hundreds digit of (v/3)/(48/18 + -3)?
2
Let q(p) = -p + 16. What is the tens digit of q(-17)?
3
Suppose -2*n + 8*n = 0. Suppose -6*q + 150 = -n*q. What is the tens digit of q?
2
Suppose 148 = -3*z + 7*z. Let n = 20 + z. What is the tens digit of n?
5
Let u(s) = 3*s**3 + 24*s**2 + 4*s + 54. Let p(a) = -4*a**3 - 25*a**2 - 4*a - 54. Let f(y) = -2*p(y) - 3*u(y). What is the units digit of f(-22)?
4
Suppose 2*c - 371 = -3*z + 2264, -c - z + 1317 = 0. What is the thousands digit of c?
1
Suppose -5*d + 5848 = 3*d. What is the tens digit of d?
3
Let s = -1385 + 2089. What is the tens digit of s?
0
Let i(d) = 85*d**3 - 8*d**2 - d + 9. What is the thousands digit of i(3)?
2
Let d(k) = -2*k**2 + 38*k - 2. Let o be d(17). Suppose -16*m = -22*m + o. What is the tens digit of m?
1
Let s(n) = 6*n**3 - 5*n**2 - 37*n + 6. Let c(u) = u**3 + u**2 - u + 1. Let v(x) = -5*c(x) + s(x). What is the tens digit of v(13)?
9
Let o(h) = 4*h**2 - 38*h - 78. What is the hundreds digit of o(13)?
1
Let v = -90 + -95. Let i = 313 + v. What is the units digit of i?
8
Let y = -196 + 358. What is the tens digit of y?
6
Suppose j - 443 = -4*a, -4*j - 4 + 0 = 0. Suppose -4*o - 4*l + 123 = -3*l, -3*o = -3*l - a. What is the tens digit of o?
3
Suppose 2*x = -x + 15. What is the tens digit of (-3)/(-6)*530/x?
5
Let u(w) = 2*w**2 + 31*w + 3. Let d be u(-16). Suppose x + d = 21. Suppose 42 = 8*m - x*m. What is the units digit of m?
7
Let g(a) = a**3 - 50*a**2 + 63*a - 17. What is the hundreds digit of g(49)?
6
Let m(i) = 49*i - 17*i + 2 - 14 - 27*i + i**2. What is the tens digit of m(-10)?
3
What is the hundreds digit of (220/(-12))/11*-93?
1
Let o = -1403 + 2015. Suppose -44*k = -48*k + o. What is the tens digit of k?
5
Let i = 215 + 107. What is the hundreds digit of i?
3
Let z = 28 + -3. Let g be (-24)/(-10) + (-9)/(-15). Suppose -g*k = -4*k + z. What is the units digit of k?
5
Suppose 0 = 4*i - 25*f + 29*f - 9504, -2*i + 4764 = -f. What is the thousands digit of i?
2
Suppose 13*k = -19*k + 117984. What is the units digit of k?
7
Suppose 3*m - 51 = 15. Let y = -15 + m. What is the units digit of y?
7
Let r = 2420 - 1060. What is the units digit of r?
0
Let r(x) = 9*x**2 - 4*x - 13. Let d(h) = 14*h**2 - 6*h - 19. Let j(g) = -5*d(g) + 8*r(g). Let q be (6/(-5))/((-3)/(-10)). What is the tens digit of j(q)?
3
Suppose -14 + 7 = -5*j + 2*h, 0 = h + 1. Let t(u) = 1 + 3*u**3 + 0*u**2 - 2*u**2 + 11*u**3. What is the units digit of t(j)?
3
Suppose -d + 18 = d - 2*y, d + 5*y + 15 = 0. Let o(v) = 11*v + 3. What is the tens digit of o(d)?
5
Let a(d) = -24*d + 34. What is the hundreds digit of a(-4)?
1
Suppose 4*l - 573 = 4159. What is the thousands digit of l?
1
Let p = 66 - 66. Suppose p = -3*i - 3*g + 717, -2*g + 426 + 536 = 4*i. What is the units digit of i?
2
Suppose 0 = -2*r - 3*s + 323, 5*r - s - 3*s - 819 = 0. Suppose 3*p + 22 = r. What is the units digit of p?
7
Suppose -16 = -3*d - 2*o, 4*d + 4*o = 39 - 11. Suppose -3*z = 2*t + 3, 0 = -t - d*t - 5*z - 6. What is the units digit of t?
3
Suppose -d = -4*d - 9. What is the units digit of 11 - 2/(-3)*d?
9
Let j(d) = -2*d**2 - 2*d + 2. Let m be j(-3). Let s = -2 + m. Let c = 22 + s. What is the tens digit of c?
1
Suppose q + 6 = 3*q. Let y be (-92)/(-20) - (-6)/15. Suppose -t + 4*w + 24 = q*w, y = 5*w. What is the tens digit of t?
2
Let r = 21 - 15. Suppose -r*o = -3*o. Suppose o*d = 5*d - 25. What is the units digit of d?
5
Let b(q) = 242*q - 140. What is the tens digit of b(6)?
1
Suppose -104*k + 4*y = -103*k - 6240, 0 = -k - 4*y + 6240. What is the thousands digit of k?
6
Let i(t) = t**3 + 7*t**2 - 7*t + 7. Let d(n) = n**2 + 6*n + 1. Let v be d(-4). What is the tens digit of i(v)?
5
Let l(z) = -2*z + 8. Let y be l(-3). Suppose 16*w - 112 = y*w. What is the units digit of w?
6